{"id":18,"date":"2023-07-12T19:25:34","date_gmt":"2023-07-12T19:25:34","guid":{"rendered":"https:\/\/resources.culturalheritage.org\/aic-postprints\/?page_id=18"},"modified":"2025-06-26T20:14:51","modified_gmt":"2025-06-26T20:14:51","slug":"2022-los-angeles","status":"publish","type":"page","link":"https:\/\/resources.culturalheritage.org\/aic-postprints\/2022-los-angeles\/","title":{"rendered":"2022 | Los Angeles"},"content":{"rendered":"\n<p>These are articles and abstracts from presentations given in the general and concurrent general sessions of AIC&#8217;s 50th Annual Meeting in Los Angeles.<\/p>\n\n\n\n<figure class=\"wp-block-image size-large is-resized\"><img loading=\"lazy\" decoding=\"async\" width=\"791\" height=\"1024\" src=\"http:\/\/resources.culturalheritage.org\/aic-postprints\/wp-content\/uploads\/sites\/19\/2023\/07\/AIC-Postprints-2022-Cover-791x1024.jpg\" alt=\"A large stained glass window with an intricate pattern is shown behind the cover text with the issue name.\" class=\"wp-image-83\" style=\"width:333px;height:430px\" srcset=\"https:\/\/faic.wpenginepowered.com\/aic-postprints\/wp-content\/uploads\/sites\/19\/2023\/07\/AIC-Postprints-2022-Cover-791x1024.jpg 791w, https:\/\/faic.wpenginepowered.com\/aic-postprints\/wp-content\/uploads\/sites\/19\/2023\/07\/AIC-Postprints-2022-Cover-232x300.jpg 232w, https:\/\/faic.wpenginepowered.com\/aic-postprints\/wp-content\/uploads\/sites\/19\/2023\/07\/AIC-Postprints-2022-Cover-768x994.jpg 768w, https:\/\/faic.wpenginepowered.com\/aic-postprints\/wp-content\/uploads\/sites\/19\/2023\/07\/AIC-Postprints-2022-Cover-1187x1536.jpg 1187w, https:\/\/faic.wpenginepowered.com\/aic-postprints\/wp-content\/uploads\/sites\/19\/2023\/07\/AIC-Postprints-2022-Cover-1583x2048.jpg 1583w, https:\/\/faic.wpenginepowered.com\/aic-postprints\/wp-content\/uploads\/sites\/19\/2023\/07\/AIC-Postprints-2022-Cover-scaled.jpg 1978w\" sizes=\"auto, (max-width: 791px) 100vw, 791px\" \/><\/figure>\n\n\n\n<p>Download the <a href=\"https:\/\/members.culturalheritage.org\/commerce\/store?productId=commerce-merchandise%23AIC-2022-AIC-GENERAL-SESSIONS-POSTPRINTS\">the complete publication<\/a> in our digital store (free)<\/p>\n\n\n\n<p><a href=\"http:\/\/resources.culturalheritage.org\/aic-postprints\/wp-content\/uploads\/sites\/19\/2023\/07\/GSP2022_FM.pdf\">Title Page, Table of Contents, and Introduction to the General and Concurrent Sessions Postprints<\/a><\/p>\n\n\n\n<p><a href=\"http:\/\/resources.culturalheritage.org\/aic-postprints\/wp-content\/uploads\/sites\/19\/2023\/07\/01-GSP2022_Rachel_Rivenc_1-12.pdf\">Objects, Memory, and Restorative Justice (A Personal Reflection on Conservation\u2019s Meaning)<\/a> | Rachel Rivenc<\/p>\n\n\n\n<p><a href=\"http:\/\/resources.culturalheritage.org\/aic-postprints\/wp-content\/uploads\/sites\/19\/2023\/07\/02-GSP2022_Alex_Lim_13-18.pdf\">Green Tea Flowers Bloom in Autumn: Reflections of a Korean-American Architectural Conservator in the American Southwest<\/a> | Alex B. Lim<\/p>\n\n\n\n<p><a href=\"http:\/\/resources.culturalheritage.org\/aic-postprints\/wp-content\/uploads\/sites\/19\/2023\/07\/03-GSP2022_Sarah_Reidell_19-24.pdf\">Building A Firm [Data] Base: What the 2020 AIC COVID-19 Impact Survey Tells Us About the Conservation Field<\/a> | Sarah Reidell<\/p>\n\n\n\n<p><a href=\"http:\/\/resources.culturalheritage.org\/aic-postprints\/wp-content\/uploads\/sites\/19\/2023\/07\/04-GSP2022_Hilary_Kaplan_and_Linda_Blaser_25-34.pdf\">Disability Inclusion in Conservation<\/a> | Hilary A. Kaplan and Linda A. Blaser<\/p>\n\n\n\n<p><a href=\"http:\/\/resources.culturalheritage.org\/aic-postprints\/wp-content\/uploads\/sites\/19\/2023\/07\/05-GSP2022_Caitlin_OGrady_35-40.pdf\">Legitimizing the Past: Conservation, Expertise, and the Power of Transformation<\/a> |Caitlin R. O\u2019Grady<\/p>\n\n\n\n<p><a href=\"http:\/\/resources.culturalheritage.org\/aic-postprints\/wp-content\/uploads\/sites\/19\/2023\/07\/06-GSP2022_Narayan_Khandekar_41-44.pdf\">On the Use of Culturally Appropriate Technical Terminology<\/a> | Narayan Khandekar<\/p>\n\n\n\n<p><a href=\"http:\/\/resources.culturalheritage.org\/aic-postprints\/wp-content\/uploads\/sites\/19\/2023\/07\/07-GSP2022_Sarah_Nunberg_45-52.pdf\">Sustainability Tools in Cultural Heritage: Exhibition, Case Study, and the Big Picture<\/a> | Sarah Nunberg, Matthew J. Eckelman, and Sarah A. Sanchez<\/p>\n\n\n\n<p><a href=\"http:\/\/resources.culturalheritage.org\/aic-postprints\/wp-content\/uploads\/sites\/19\/2023\/07\/08-GSP2022_Sigrid_Eyb-Green_53-58.pdf\">Settling Between the Chairs: The Development of Conservation Towards a Scientific Discipline as Reflected in the Establishment of a Formal Academic Training in Early 20th Century Vienna<\/a> | Sigrid Eyb-Green, Catherine Bouvier, Magdalena Schindler, and Wolfgang Baatz<\/p>\n\n\n\n<p><a href=\"http:\/\/resources.culturalheritage.org\/aic-postprints\/wp-content\/uploads\/sites\/19\/2023\/07\/09-GSP2022_Wan-Jen_Lin_59-76.pdf\">When AI Meets Literary Collections: Feasibility of AI Visual Technology on Identifying Paper Deterioration<\/a> | Wan-Jen Lin and Bor-Tung Jiang&nbsp;<\/p>\n\n\n\n<p><a href=\"http:\/\/resources.culturalheritage.org\/aic-postprints\/wp-content\/uploads\/sites\/19\/2023\/07\/10-GSP2022_Ryan_Lieu_77-78.pdf\">Structured Conservation Data for the Next Information Age<\/a> | Ryan Lieu (abstract)<\/p>\n\n\n\n<p><a href=\"http:\/\/resources.culturalheritage.org\/aic-postprints\/wp-content\/uploads\/sites\/19\/2023\/07\/11-GSP2022_Christopher_Cameron_79-80.pdf\">From Blinking Bulbs to Advanced AI: The Past, Present and Future of HVAC Control<\/a> | Christopher Cameron (abstract)<\/p>\n\n\n\n<p><a href=\"http:\/\/resources.culturalheritage.org\/aic-postprints\/wp-content\/uploads\/sites\/19\/2023\/07\/12-GSP2022_Sofie_Dierickx_81-82.pdf\">Eyes Only? Revealing or Preserving Secrets of Congolese Art Objects<\/a> Sofie Dierickx and Siska Genbrugge (abstract)<\/p>\n\n\n\n<p><a href=\"http:\/\/resources.culturalheritage.org\/aic-postprints\/wp-content\/uploads\/sites\/19\/2023\/07\/13-GSP2022_Mary_Wilcop_83-84.pdf\">Using Data with Humans: Successes and Failures of Data Storytelling in the Realm of Conservation<\/a> | Mary Wilcop (abstract)<\/p>\n\n\n\n<p><a href=\"http:\/\/resources.culturalheritage.org\/aic-postprints\/wp-content\/uploads\/sites\/19\/2025\/06\/GSP2022_Salas.pdf\">Collaboration and Technical Investigation to Better Understand Indigenous Northwest Coast Cultural Material<\/a> | Megan E. Salas, Raven LeBlanc, Aay Aay Hans, Hans Chester, Harold Jacobs, Karen Duffek, and Brandi L. MacDonald<\/p>\n\n\n\n<p><a href=\"http:\/\/resources.culturalheritage.org\/aic-postprints\/wp-content\/uploads\/sites\/19\/2023\/07\/15-GSP2022_Ayesha_Fuentes_105-110.pdf\">Establishing Context and Continuity for the Use of Human Remains in Tibetan Ritual Objects: Conservation as Research Methodology<\/a> | Ayesha Fuentes<\/p>\n\n\n\n<p><a href=\"http:\/\/resources.culturalheritage.org\/aic-postprints\/wp-content\/uploads\/sites\/19\/2023\/07\/16-GSP2022_Abigail_Duckor_and_Matthew_Miranda_111-112.pdf\">A Community-centered Approach to the Stewardship of Alfonso Ossorio\u2019s <em>Feast and Famine<\/em><\/a> | Abigail Duckor and Matthew Villar Miranda<\/p>\n\n\n\n<p><a href=\"http:\/\/resources.culturalheritage.org\/aic-postprints\/wp-content\/uploads\/sites\/19\/2023\/07\/17-GSP2022_Landis_Smith_113-116.pdf\">Uncovering Collection Histories and Provenance Through Collaborative Research<\/a> | Landis Smith<\/p>\n\n\n\n<p><a href=\"http:\/\/resources.culturalheritage.org\/aic-postprints\/wp-content\/uploads\/sites\/19\/2023\/07\/18-GSP2022_Siska_Genbrugge_117-118.pdf\">The Success of a Team Effort: Preservation Initiatives at the AfricaMuseum<\/a> | Siska Genbrugge and Marieke Van Es (abstract)<\/p>\n\n\n\n<p><a href=\"http:\/\/resources.culturalheritage.org\/aic-postprints\/wp-content\/uploads\/sites\/19\/2023\/07\/19-GSP2022_Casey_Mallinckrodt_119-120.pdf\">Conservation Initiative in African Art at the Virginia Museum of Fine Arts: The Impact of Interdisciplinary Research + Collaboration on Collections of African Material Culture<\/a> | Casey Mallinckrodt, Ainslie Harrison, Kathryn Brugioni Gabriel-Li, and Sheila Payaqui (abstract)<\/p>\n\n\n\n<p><a href=\"http:\/\/resources.culturalheritage.org\/aic-postprints\/wp-content\/uploads\/sites\/19\/2023\/07\/20-GSP2022_Alix_de_La_Gaignonniere_121-128.pdf\">Facing Heritage Shrinkage: The New Roles of Architects of the Buildings of France<\/a> | Alix De La Gaignonni\u00e8re<\/p>\n\n\n\n<p><a href=\"http:\/\/resources.culturalheritage.org\/aic-postprints\/wp-content\/uploads\/sites\/19\/2023\/07\/21-GSP2022_Joannie_Bottkol_and_Naomi_Kroll_129-134.pdf\">A Cross-Disciplinary Charrette: Exploring Conflicts and Proposing Solutions for Opening Sealed Sound Recordings<\/a> | Naomi Kroll Hassebroek, Joannie Bottkol, and Jerry Fabris<\/p>\n\n\n\n<p><a href=\"http:\/\/resources.culturalheritage.org\/aic-postprints\/wp-content\/uploads\/sites\/19\/2023\/07\/22-GSP2022_Anna_Rose_Keefe_and_Kate_Irvin_135-142.pdf\">Inherent Vice: Conservation as a Catalyst for Artistic Collaboration<\/a> <br>Anna Rose Keefe, Kate Irvin, and Jessica Urick&nbsp;<\/p>\n\n\n\n<p><a href=\"http:\/\/resources.culturalheritage.org\/aic-postprints\/wp-content\/uploads\/sites\/19\/2023\/07\/23-GSP2022_Megan_Narvey_143-148.pdf\">Objects, Paper, Textiles, Outreach: Conservation Capacity Development at the Minnesota Historical Society<\/a> | Megan Narvey &nbsp;<\/p>\n\n\n\n<p><a href=\"http:\/\/resources.culturalheritage.org\/aic-postprints\/wp-content\/uploads\/sites\/19\/2023\/07\/24-GSP2022_Ashley_Lingle_and_Jane_Henderson_149-150.pdf\">Touch Decisions<\/a> | Jane Henderson and Ashley Lingle&nbsp;(abstract, <a href=\"https:\/\/www.tandfonline.com\/doi\/full\/10.1080\/01971360.2023.2175983\">also a <em>JAIC<\/em> article<\/a>)<\/p>\n\n\n\n<p><a href=\"http:\/\/resources.culturalheritage.org\/aic-postprints\/wp-content\/uploads\/sites\/19\/2023\/07\/25-GSP2022_Shanna_Diederichs_151-152.pdf\">Bears Ears Site Preservation Project: Responding to Visitor Impacts on Cliff Dwellings in Southeast Utah<\/a> | Shanna Diederichs&nbsp;(abstract)<\/p>\n\n\n\n<p><a href=\"http:\/\/resources.culturalheritage.org\/aic-postprints\/wp-content\/uploads\/sites\/19\/2023\/07\/26-GSP2022_Agnes_Arinto_153-162.pdf\">The Human Factor: How to Recover the Hidden Craftsmanship of a Portuguese Moldmaker<\/a> | Agn\u00e8s Le Gac, Helena Pinheiro de Melo, and \u00c9lia Rold\u00e3o<\/p>\n\n\n\n<p><a href=\"http:\/\/resources.culturalheritage.org\/aic-postprints\/wp-content\/uploads\/sites\/19\/2023\/07\/27-GSP2022_Ximena_Bernal_163-168.pdf\">Art Conservators: Caregivers and Storytellers<\/a> | Ximena Bernal Castillo<\/p>\n\n\n\n<p><a href=\"http:\/\/resources.culturalheritage.org\/aic-postprints\/wp-content\/uploads\/sites\/19\/2023\/07\/28-GSP2022_Stephanie_Black_and_Erin_Murphy_169-178.pdf\">New Hall, New Paths: Hall Revisualization Leads to Renovated Practice<\/a> Erin Murphy and Stephanie Black<\/p>\n\n\n\n<p><a href=\"http:\/\/resources.culturalheritage.org\/aic-postprints\/wp-content\/uploads\/sites\/19\/2023\/07\/29-GSP2022_Konstantinos_Chatziantoniou_179-180.pdf\">Save the Past and Inspire the Future: A Kingdom-wide Community Research Project Aims to Save Memories on Vanishing Traditional Saudi Male Costumes by Collecting Information in a Museum Database<\/a> Konstantinos Chatziantoniou (abstract)<\/p>\n\n\n\n<p><a href=\"http:\/\/resources.culturalheritage.org\/aic-postprints\/wp-content\/uploads\/sites\/19\/2023\/07\/30-GSP2022_Ellen_Carrlee_181-182.pdf\">Reflections on Authority in the Conservation of Indigenous Objects in Museums<\/a> | Ellen Carrlee, Amy Tjiong, and Adrienne Gendron (abstract)<\/p>\n\n\n\n<p><a href=\"http:\/\/resources.culturalheritage.org\/aic-postprints\/wp-content\/uploads\/sites\/19\/2023\/07\/31-GSP2022_Libby_Ireland_and_Jack_McConchie_183-184.pdf\">Embracing Infinite Slippage<\/a> | Libby Ireland and Jack McConchie (abstract)<\/p>\n\n\n\n<p><a href=\"http:\/\/resources.culturalheritage.org\/aic-postprints\/wp-content\/uploads\/sites\/19\/2023\/07\/32-GSP2022_Jim_Coddington_185-188.pdf\">Chance, Choice, Change<\/a> | Jim Coddington<\/p>\n\n\n\n<p><a href=\"http:\/\/resources.culturalheritage.org\/aic-postprints\/wp-content\/uploads\/sites\/19\/2023\/07\/33-GSP2022_Nina_Owczarek_189-192.pdf\">The Ethics of Care: Examining Ethics from Nonconservation Resources to Inform Human-centered Conservation<\/a> | Nina Owczarek<\/p>\n\n\n\n<p><a href=\"http:\/\/resources.culturalheritage.org\/aic-postprints\/wp-content\/uploads\/sites\/19\/2023\/07\/34-GSP2022_Joannie_Bottkol_Sociopolitical_Flux_193-200.pdf\">Sociopolitical Flux &amp; Conservation Interventions: Studying Fascist Monuments in Italy<\/a> | Joannie Bottkol<\/p>\n\n\n\n<p><a href=\"http:\/\/resources.culturalheritage.org\/aic-postprints\/wp-content\/uploads\/sites\/19\/2023\/07\/35-GSP2022_Elizabeth_Beesley_and_Nora_Frankel_201-210.pdf\">Rethinking Textile Treatment on an Iconic Aircraft: Conservation of the 1909 Wright Military Flyer<\/a> |Elizabeth Beesley, Nora Frankel, Malcolm Collum, Lauren Horelick, and Bill Hadden<\/p>\n\n\n\n<p><a href=\"http:\/\/resources.culturalheritage.org\/aic-postprints\/wp-content\/uploads\/sites\/19\/2023\/07\/36-GSP2022_Noble_Ready_211-214.pdf\">Conservation of Rembrandt\u2019s <em>The Night Watch<\/em>: The Decision-Making Process<\/a> | Petria Noble, Esther Van Duijn, Anna Krekeler, Laura Raven, Susan Smelt, Ilse Steeman, Ige Verslype, and Lisette Vos<\/p>\n\n\n\n<p><a href=\"http:\/\/resources.culturalheritage.org\/aic-postprints\/wp-content\/uploads\/sites\/19\/2023\/07\/37-GSP2022_Lori_Wong_215-216.pdf\">A Future Defined by Risk: The Tomb of Tutankhamen and Its Influence on the Development of the Field of Conservation<\/a> | Lori Wong (abstract)<\/p>\n\n\n\n<p><a href=\"http:\/\/resources.culturalheritage.org\/aic-postprints\/wp-content\/uploads\/sites\/19\/2023\/07\/38-GSP2022_Christel_Pesme_and_Renee_Riedler_217-218.pdf\">Decontextualization: A Form of Dissociation or a New Risk?<\/a> | Christel Pesme and Ren\u00e9e Riedler (abstract)<\/p>\n\n\n\n<p><a href=\"http:\/\/resources.culturalheritage.org\/aic-postprints\/wp-content\/uploads\/sites\/19\/2023\/07\/39-GSP2022_Robert_Waller_219-220.pdf\">Fifty Years of Preventive Conservation: From Avoiding Change to Maximizing Values Delivered and Retained<\/a> | Robert Waller (abstract)<\/p>\n\n\n\n<p><a href=\"http:\/\/resources.culturalheritage.org\/aic-postprints\/wp-content\/uploads\/sites\/19\/2023\/07\/40-GSP2022_Thiago_S_Puglieri_221-222.pdf\">Social Disconnection: Is It the 11th Agent of Deterioration?<\/a> | Thiago S. Puglieri, Diego L. Ribeiro, Daniel M. V. De Souza, and Carla Gastaud (abstract)<\/p>\n\n\n\n<p><a href=\"http:\/\/resources.culturalheritage.org\/aic-postprints\/wp-content\/uploads\/sites\/19\/2023\/07\/41-GSP2022_Steven_Weintraub_223-224.pdf\">Lighting the Way: The Evolution of Preservation-Based Museum Lighting Policies and Practices Between 1978 and 2020<\/a> | Steven Weintraub (abstract)<\/p>\n\n\n\n<p><a href=\"http:\/\/resources.culturalheritage.org\/aic-postprints\/wp-content\/uploads\/sites\/19\/2023\/07\/42-GSP2022_Rachael_Perkins_Arenstein_225-226.pdf\">Back to the Future: Managing Pests in a Changing World<\/a> | Rachael Perkins Arenstein, Patrick Kelley, and Suzanne Ryder (abstract)<\/p>\n\n\n\n<p><a href=\"http:\/\/resources.culturalheritage.org\/aic-postprints\/wp-content\/uploads\/sites\/19\/2023\/07\/43-GSP2022_Jeremy_Linden_227-228.pdf\">Standards, Science, and Sustainability: Four Decades of Environmental Management for Collections Preservation<\/a> | Jeremy Linden (abstract)<\/p>\n\n\n\n<p><a href=\"http:\/\/resources.culturalheritage.org\/aic-postprints\/wp-content\/uploads\/sites\/19\/2023\/07\/44-GSP2022_Joyce_Hill_Stoner_and_Rebecca_Rushfield_229-230.pdf\">50 Years in the Making\u2014The Evolution of our Profession and Thoughts About Its Future<\/a> | Rebecca Rushfield and Joyce Hill Stoner (abstract)<\/p>\n\n\n\n<p><a href=\"http:\/\/resources.culturalheritage.org\/aic-postprints\/wp-content\/uploads\/sites\/19\/2023\/07\/45-GSP2022_Annabelle_Camp_231-232.pdf\">History of the Textile Specialty Group<\/a> | Annabelle Camp<\/p>\n\n\n\n<p><a href=\"http:\/\/resources.culturalheritage.org\/aic-postprints\/wp-content\/uploads\/sites\/19\/2023\/07\/46-GSP2022_Courtney_Helion_and_Luisa_Casella_233-238.pdf\">Overview of the Evolution of Photograph Conservation<\/a> | Courtney Helion and Luisa Casella<\/p>\n\n\n\n<p><a href=\"http:\/\/resources.culturalheritage.org\/aic-postprints\/wp-content\/uploads\/sites\/19\/2023\/07\/47-GSP2022_Elise_Effmann_Clifford_239-244.pdf\">50 Years of History: The Paintings Specialty Group<\/a> | Elise Effmann Clifford, Irma Passeri, Kari Rayner, and Kate Smith<\/p>\n\n\n\n<p><a href=\"http:\/\/resources.culturalheritage.org\/aic-postprints\/wp-content\/uploads\/sites\/19\/2023\/07\/48-GSP2022_Kathy_Z_Gillis_245-248.pdf\">History of the Wooden Artifacts Group (WAG)<\/a> | Kathy Z. Gillis<\/p>\n\n\n\n<p><a href=\"http:\/\/resources.culturalheritage.org\/aic-postprints\/wp-content\/uploads\/sites\/19\/2023\/07\/49-GSP2022_Sharra_Grow_249-252.pdf\">Timeline of Professional Membership Organizations for Conservators of Cultural Heritage<\/a> | Sharra Grow&nbsp;<\/p>\n\n\n\n<p><a href=\"http:\/\/resources.culturalheritage.org\/aic-postprints\/wp-content\/uploads\/sites\/19\/2023\/07\/50-GSP2022_Narayan_Khandekar_B_253-256.pdf\">The Research and Technical Studies (RATS) Group: Technical Art History<\/a> Narayan Khandekar&nbsp;<\/p>\n\n\n\n<p><a href=\"http:\/\/resources.culturalheritage.org\/aic-postprints\/wp-content\/uploads\/sites\/19\/2023\/07\/51-GSP2022_Rosa_Lowinger_257-258.pdf\">Private Practice<\/a> | Rosa Lowinger&nbsp;<\/p>\n\n\n\n<p><a href=\"http:\/\/resources.culturalheritage.org\/aic-postprints\/wp-content\/uploads\/sites\/19\/2023\/07\/52-GSP2022_Kathryn_A_Makos_259-262.pdf\">Interviews with Past Health and Safety Committee\/Network Chairs: Contemplating the Past, Celebrating the Accomplishments, Addressing the Challenges<\/a> | Kathryn A. Makos, Catharine Hawks, and Lisa Goldberg<\/p>\n\n\n\n<p><a href=\"http:\/\/resources.culturalheritage.org\/aic-postprints\/wp-content\/uploads\/sites\/19\/2023\/07\/53-GSP2022_Mareika_Opena_263-266.pdf\">Fifty Years of Modern and Contemporary Art Conservation at AIC<\/a> Mareike Ope\u00f1a<\/p>\n\n\n\n<p><a href=\"http:\/\/resources.culturalheritage.org\/aic-postprints\/wp-content\/uploads\/sites\/19\/2023\/07\/54-GSP2022_Jessica_Betz_Abel_267-268.pdf\">A Brief History of ECPN<\/a> | Jessica Betz Abel, Michaela Paulson, and Molly Gleeson<\/p>\n\n\n\n<p><a href=\"http:\/\/resources.culturalheritage.org\/aic-postprints\/wp-content\/uploads\/sites\/19\/2023\/07\/55-GSP2022_Crystal_Sanchez_Martha_Singer_269-270.pdf\">History of The Electronic Media Group<\/a> | Crystal Sanchez and Martha Singer<\/p>\n\n\n\n<p><a href=\"http:\/\/resources.culturalheritage.org\/aic-postprints\/wp-content\/uploads\/sites\/19\/2023\/07\/56-GSP2022_Samantha_Springer_271-274.pdf\">Lessons from Objects Conservators: Using the FAIC Oral History Project as a Lens<\/a> | Samantha Springer<\/p>\n\n\n\n<p><a href=\"http:\/\/resources.culturalheritage.org\/aic-postprints\/wp-content\/uploads\/sites\/19\/2023\/07\/57-GSP2022_Ellen_Cunningham-Kruppa_275-280.pdf\">Preserving Books and Works on Paper in US Collections<\/a> | Ellen Cunningham-Kruppa and Margaret Holben Ellis<\/p>\n\n\n\n<p><a href=\"http:\/\/resources.culturalheritage.org\/aic-postprints\/wp-content\/uploads\/sites\/19\/2023\/07\/58-GSP2022_Sarah_Scaturro_281-282.pdf\">The Stabilization of Textile Conservation During the Second Half of the 20th Century<\/a> | Sarah Scaturro (abstract)<\/p>\n\n\n\n<p><a href=\"http:\/\/resources.culturalheritage.org\/aic-postprints\/wp-content\/uploads\/sites\/19\/2023\/07\/59-GSP2022_Randy_Silverman_283-284.pdf\">The Unreasonable Descent of Books in US Research Libraries<\/a> | Randy Silverman (abstract)<\/p>\n\n\n\n<p><a href=\"http:\/\/resources.culturalheritage.org\/aic-postprints\/wp-content\/uploads\/sites\/19\/2023\/07\/60-GSP2022_Dana_Moffett_285-286.pdf\">Reimagining the Smithsonian\u2019s National Museum of African Art<\/a> | Dana Moffett and Ashley Jehle<\/p>\n\n\n\n<p><a href=\"http:\/\/resources.culturalheritage.org\/aic-postprints\/wp-content\/uploads\/sites\/19\/2023\/07\/61-GSP2022_Susan_Heald_287-292.pdf\">Evolving the Practice of Conservation, Care, and Stewardship at the National Museum of the American Indian<\/a> | Kelly McHugh and Susan Heald<\/p>\n\n\n\n<p><\/p>\n","protected":false},"excerpt":{"rendered":"<p>These are articles and abstracts from presentations given in the general and concurrent general sessions of AIC&#8217;s 50th Annual Meeting in Los Angeles. Download the the complete publication in our digital store (free) Title Page, Table of Contents, and Introduction to the General and Concurrent Sessions Postprints Objects, Memory, and Restorative Justice (A Personal Reflection [&hellip;]<\/p>\n","protected":false},"author":9,"featured_media":0,"parent":0,"menu_order":1,"comment_status":"closed","ping_status":"closed","template":"","meta":{"footnotes":""},"class_list":["post-18","page","type-page","status-publish","hentry"],"_links":{"self":[{"href":"https:\/\/resources.culturalheritage.org\/aic-postprints\/wp-json\/wp\/v2\/pages\/18","targetHints":{"allow":["GET"]}}],"collection":[{"href":"https:\/\/resources.culturalheritage.org\/aic-postprints\/wp-json\/wp\/v2\/pages"}],"about":[{"href":"https:\/\/resources.culturalheritage.org\/aic-postprints\/wp-json\/wp\/v2\/types\/page"}],"author":[{"embeddable":true,"href":"https:\/\/resources.culturalheritage.org\/aic-postprints\/wp-json\/wp\/v2\/users\/9"}],"replies":[{"embeddable":true,"href":"https:\/\/resources.culturalheritage.org\/aic-postprints\/wp-json\/wp\/v2\/comments?post=18"}],"version-history":[{"count":0,"href":"https:\/\/resources.culturalheritage.org\/aic-postprints\/wp-json\/wp\/v2\/pages\/18\/revisions"}],"wp:attachment":[{"href":"https:\/\/resources.culturalheritage.org\/aic-postprints\/wp-json\/wp\/v2\/media?parent=18"}],"curies":[{"name":"wp","href":"https:\/\/api.w.org\/{rel}","templated":true}]}}