{"id":385,"date":"2015-02-07T16:55:47","date_gmt":"2015-02-07T16:55:47","guid":{"rendered":"http:\/\/cool.conservation-us.org\/cool\/osg\/?page_id=385"},"modified":"2024-09-16T17:46:31","modified_gmt":"2024-09-16T17:46:31","slug":"postprints-author-index","status":"publish","type":"page","link":"https:\/\/resources.culturalheritage.org\/osg-postprints\/postprints-author-index\/","title":{"rendered":"Postprints Author Index"},"content":{"rendered":"\n<p>*Please note that only individuals with published Postprints articles are listed below. All abstracted authors and presenters, published <span style=\"text-decoration: underline\">and<\/span> unpublished, are searchable using the Search bar.<\/p>\n\n\n\n<h1 class=\"wp-block-heading\">A<\/h1>\n\n\n\n<p>Abel, Jessica &#8211; vol. 27                                                                                                        Ackerman, Lisa &#8211; vol. 27                                                                                                  Addington, Luke &#8211; vol. 28                                                                                                           Afra, Shirin &#8211; vol. 24<br>Albertson, Cynthia &#8211; vol. 17<br>Alden, Dr. Harry &#8211; vol. 3<br>Alderson, Samantha &#8211; vol. 9; vol. 28<br>Alexander, Jerrad &#8211; vol. 22<br>Alten, Helen &#8211; vol. 16<br>\u00c1lvarez, Mar\u00eda Paula &#8211; vol. 21<br>Anderson, Gretchen &#8211; vol. 16<br>Anderson, Jae R. &#8211; vol. 21<br>Anderson, Lisa &#8211; vol. 8<br>Andrews, Kaitlin &#8211; vol. 20<br>Arenstein, Rachael Perkins &#8211; vol. 10;\u00a0vol. 12; vol. 15<br>Artal-Isbrand, Paula &#8211; vol. 8;\u00a0vol. 24<\/p>\n\n\n\n<h1 class=\"wp-block-heading\">B<\/h1>\n\n\n\n<p>Baas, Fran &#8211; vol. 24<br>Badger, Lee &#8211; vol. 13<br>Bailey, Gregory &#8211;\u00a0vol. 24<br>Balachandran, Sanchita &#8211; vol. 14; vol. 18<br>Barack, Sarah &#8211; vol. 11; vol. 20; vol. 22<br>Barden, Richard &#8211; vol. 3<br>Bassett, Jane &#8211; vol. 9; vol. 14<br>Baumeister, Mecka &#8211; vol. 27                                                                                                   Beale, Arthur &#8211; vol. 1<br>Bearce, Kristen A. &#8211; vol. 11<br>Bearden, Margaret &#8211; vol. 20<br>Beaubien, Harriet F. (Rae) &#8211; vol. 3; vol. 6; vol. 7; vol. 14; vol. 18<br>Beesley, Elizabeth &#8211; vol. 26<br>Belcher, Simon &#8211; vol. 28                                                                                                       Belman, Michael &#8211; vol. 9; vol. 13<br>Bender, Brynn &#8211; vol. 15<br>Benson, Dale &#8211; vol. 13<br>Benson, Paul L. &#8211; vol. 9; vol. 19<br>Bernstein, James &#8211; vol. 14<br>Bernstein, Johanna &#8211; vol. 19<br>Berrett, Kory &#8211; vol. 14<br>Berry, April H. &#8211; vol. 3<br>Bierwagen, Gordon &#8211; vol. 9<br>Bischoff, Judith J. &#8211; vol. 4; vol. 10<br>Bisulca, Christina &#8211; vol. 21; vol. 23<br>Bolz, Peter &#8211; vol. 16<br>Bosworth, Jennifer\u00a0&#8211; vol. 10<br>Boulton, Ann &#8211; vol. 1; vol. 14<br>Bowen, Elena &#8211; vol. 28                                                                                                                   Boyer, Leslie &#8211; vol. 10<br>Boyer, Linsly &#8211; vol. 27                                                                                                              Brady, Colleen\u00a0&#8211; vol. 10<br>Brako, Jeanne &#8211; vol. 28                                                                                                            Braun, Thomas James &#8211; vol. 7; vol. 25; vol. 26<br>Breed, Brenda &#8211; vol. 26<br>Breslin, Debra &#8211;\u00a0vol. 24<br>Bristow, Hana &#8211;\u00a0vol. 24<br>Brown, J. P. &#8211; vol. 17; vol. 21;\u00a0vol. 24<br>Brown, Elizabeth &#8211; vol. 8; vol. 10<br>Brown, Emily &#8211; vol. 23<br>Brown, Liz &#8211; vol. 15<br>Brugioni, Kathryn &#8211; vol. 22<br>Bruno, Lisa &#8211; vol. 13<br>Bubnash, Lacey &#8211; vol. 21<br>Buenger, Nancy &#8211; vol. 10<br>Burke, Martin &#8211; vol. 7<br>Bustamente, Jason &#8211; vol.10<br>Byrne, Gregory S. &#8211; vol. 3<\/p>\n\n\n\n<h1 class=\"wp-block-heading\">C<\/h1>\n\n\n\n<p>Caldararo, Niccolo &#8211; vol. 11<br>Campbell, John T. &#8211; vol. 20<br>Campos, Israel &#8211; vol. 21<br>Capone, Patricia &#8211; vol. 21<br>Carlson, Janice H. &#8211; vol. 5<br>Carrlee, Ellen &#8211; vol. 10; vol. 13; vol. 17; vol. 18<br>Carrlee, Scott\u00a0&#8211; vol. 10<br>Carroll, Norine\u00a0&#8211; vol. 10<br>Caspi, Sara &#8211; vol. 8<br>Champe, Peter S. &#8211; vol. 3; vol. 5<br>Chang, Angela &#8211; vol. 11; vol. 28<br>Chao, Raina &#8211;\u00a0vol. 24; vol. 27<br>Chase, Ellen &#8211; vol. 24<br>Chase, W. T. &#8211; vol. 9<br>Chasen, Jessica &#8211; vol. 26<br>Chau, Amanda &#8211; vol. 28                                                                                                    Chemello, Claudia &#8211; vol. 18; vol. 19; vol. 22<br>Chloros, Jessica &#8211; vol. 22<br>Chr\u00e9tien, C\u00e9line &#8211; vol. 22<br>Church, Jason &#8211; vol. 24<br>Craft, Meg Loew &#8211; vol. 2; vol. 14; vol. 22; vol. 23<br>Cocuzza, Dominique &#8211; vol. 8<br>Collum, Malcolm &#8211; vol. 21; vol. 26<br>Comiotto, Anna &#8211; vol. 16<br>Corbett, Richard &#8211; vol. 6; vol. 10<br>Costello, Susan D. &#8211; vol. 25<br>Coughlin, Mary &#8211; vol. 20<br>Countryman, Paul &#8211; vol. 3<br>Cox, Brittany Nicole &#8211; vol. 23<br>Cruttenden, J. Riley &#8211; vol. 25<br>Cuffari, Katharine &#8211;\u00a0vol. 24<br>Cullen-Cobb, Kim &#8211; vol. 16<br>Cuneo, Allison &#8211; vol. 23<br>Cutajar, Jan Dariusz &#8211;\u00a0vol. 24<br>Cutulle, Cassy &#8211; vol. 22<br>Cuyaub\u00e8re, Claire &#8211; vol. 24<\/p>\n\n\n\n<h1 class=\"wp-block-heading\">D<\/h1>\n\n\n\n<p>Dacome, Lucia &#8211; vol. 14<br>D&#8217;arcangelo, Dominica &#8211; vol. 15<br>Dandridge, Pete &#8211; vol. 23<br>Dani, Anya &#8211; vol. 20<br>Davidson, Amy &#8211; vol. 10<br>Davis, Suzanne &#8211; vol. 18; vol. 19<br>Dawley, Martina &#8211; vol. 21<br>de Alarcon, Tessa &#8211; vol. 25<br>De Buck, Anne &#8211; vol. 15<br>Deck, Clara &#8211; vol. 8; vol. 13<br>Delidow, Margo &#8211; vol. 17<br>Del Re, Christine &#8211; vol. 3<br>Dennehy, Michele Austin &#8211; vol. 16<br>Dignard, Carole &#8211; vol. 19<br>Dine, Haddon &#8211; v. 28                                                                                                                      Dineen, Brittany &#8211; v. 27                                                                                                     Donnelly, William &#8211; vol. 20<br>Drayman-Weisser, Terry &#8211; vol. 14<br>Drewdun, Am\u00e9lie &#8211; vol. 13<br>Drosdick, Sasha &#8211;\u00a0vol. 24<br>Druzik, James R. &#8211; vol. 1<br>Dube, Hlengiwe &#8211; vol. 26<br>Duncan, Neil &#8211; vol. 15<br>Dykstra, Stephen &#8211; vol. 13<\/p>\n\n\n\n<h1 class=\"wp-block-heading\">E &#8211; F<\/h1>\n\n\n\n<p>Edelstein, Beth &#8211; vol. 20<br>Edquist, Linda &#8211; vol. 11<br>Elkin, Lisa &#8211; vol. 15; vol. 19<br>Ellis, Lisa &#8211; vol. 23<br>Erdmann, Mark &#8211; vol. 20;\u00a0vol. 24<br>Eremin, Katherine &#8211; vol. 25; vol. 28<br>Fahey, Mary &#8211; vol. 8<br>Fair, Lauren &#8211;\u00a0vol. 24<br>Farley, Delana Joy &#8211; vol. 21<br>Feldman, Nicole &#8211; vol. 28                                                                                                        Fisher, Christina &#8211; vol. 21<br>Fonicello, Nancy &#8211; vol. 16<br>Frank, Emily &#8211; vol. 26<br>Frankel, Nora &#8211; vol. 27                                                                                                            Fregni, Giovanna &#8211; vol. 16<br>French, Jen\u00a0&#8211; vol. 10<br>Fuller, Tamsen &#8211; vol. 3<br>Funke, Anna &#8211; vol. 24<br>Fulton, Scott &#8211; vol. 12; vol. 13<\/p>\n\n\n\n<h1 class=\"wp-block-heading\">G<\/h1>\n\n\n\n<p>Gabov, Alexander &#8211; vol. 23<br>Gabrielli, Kathryn Brugioni &#8211; vol. 26<br>G\u00e4nsicke, Susanne &#8211; vol. 3<br>Garland, Kathleen M. &#8211; vol. 17; vol. 19<br>Gat, Leslie &#8211;\u00a0vol. 24<br>Gates, Glenn &#8211; vol. 22; vol. 23<br>Gen\u00e7ay-\u00dcst\u00fcn, \u00d6zge &#8211; vol. 22<br>Gessler, Tina &#8211; vol. 23<br>Giaccai, Jennifer &#8211; vol. 17; vol. 19<br>Giachet, Miriam Truffa &#8211; vol. 21<br>Gibbons, Marina &#8211; vol. 26<br>Gilles, Jane &#8211; vol. 28                                                                                                                  Gilmore, Robert S. &#8211; vol. 9<br>Glassman, Susan &#8211; vol. 7<br>Gleeson, Molly &#8211; vol. 15; vol. 21<br>Godfrey, Jakki &#8211; vol. 13<br>Goins, Elizabeth &#8211; vol. 7<br>Gordon, LeeAnn Barnes &#8211; vol. 23<br>Greene, Virginia &#8211; vol. 4<br>Gridley, Rebecca &#8211; vol. 26<br>Griffin, Patricia S. &#8211; vol. 8; vol. 9<br>Griffith, Roger &#8211; vol. 7; vol. 23;\u00a0vol. 24<br>Griggs-Hakim, Candis\u00a0&#8211; vol. 10<br>Grissom, Carol &#8211; vol. 7<br>Griswold, John &#8211; vol. 4<br>Grzywacz, Cecily M. &#8211; vol. 1<br>Gunnison, Anne Turner &#8211; vol. 16; vol. 17<\/p>\n\n\n\n<h1 class=\"wp-block-heading\">H<\/h1>\n\n\n\n<p>Haakanson, Sven &#8211; vol. 21<br>Hackney, Dr. John &#8211; vol. 3<br>Hahne, Rolf\u00a0&#8211; vol. 10<br>Hamilton, Emily &#8211; vol. 23<br>Hanlon, Gordon &#8211; vol. 2<br>Hanna, Hany Hanna Aziz &#8211; vol. 11<br>Harrison, Ainslie &#8211; vol. 18<br>Hartman, Laura Eva &#8211; vol. 24<br>Harvey, David &#8211; vol. 6; vol. 10<br>Harvey, Ronald &#8211; vol. 8; vol. 15; vol. 26; vol. 28<br>Hatchfield, Pamela &#8211; vol. 2; vol. 25<br>Haynes, Christine &#8211; vol. 25; vol. 26<br>Heald, Susan &#8211; vol. 8; vol. 10; vol. 17<br>Healey- Dilkes, Sarah &#8211; vol. 27                                                                                        Heginbotham, Arlen &#8211; vol. 26<br>Heller, Thomas &#8211; vol. 7<br>Herskovitz, Robert &#8211; vol. 1<br>Hickey-Friedman, Laramie &#8211; vol. 9<br>Higgins, Mary Clerkin &#8211; vol. 2; vol. 5<br>Hirx, John &#8211; vol. 3; vol. 9<br>Hobart, Paula &#8211; vol. 12<br>Hoffmann, William &#8211; vol. 20; vol. 25<br>Hogan, John &#8211; vol. 22<br>Holbrow, Katherine A. &#8211; vol. 3; vol. 10;\u00a0vol. 14<br>Holdcraft, T. Rose &#8211; vol. 21; vol. 25<br>Homberger, Elizabeth &#8211; vol. 16<br>Honarbakhsh, Shabnam &#8211; vol. 18<br>Horak, Katie &#8211; vol. 21<br>Horelick, Lauren &#8211; vol. 18; vol. 21<br>Hornbeck, Stephanie &#8211; vol. 18; vol. 20; vol. 22<br>Hornung, Tara &#8211; vol. 12<br>Howard, Brian R. &#8211; vol. 3<br>Howe, Ellen &#8211; vol. 6<br>Huber, Melissa &#8211; vol. 10<br>Hulman, Stephanie &#8211; vol. 23<br>Hughs, Melissa &#8211; vol. 21<br>Hykin, Abigail &#8211; vol. 24; vol. 27<\/p>\n\n\n\n<h1 class=\"wp-block-heading\">I &#8211; J<\/h1>\n\n\n\n<p>Ikram, Salima &#8211; vol. 23<br>Ingalls, Helen &#8211; vol. 19<br>Jahan, Noor &#8211; vol. 23<br>Jakobi, Davina Kuh &#8211; vol. 25<br>Jansen, Moritz &#8211; vol. 25<br>Jenkins, Adam &#8211; vol. 20;\u00a0vol. 24<br>Joice, Gail &#8211; vol. 19<br>Johnson, Jessica &#8211; vol. 10<br>Jorjani, Mersedeh &#8211; vol. 15<br>Joseph, Tommy &#8211; vol. 28                                                                                                        Jungels, Judy &#8211; vol. 21; vol. 25<\/p>\n\n\n\n<h1 class=\"wp-block-heading\">K<\/h1>\n\n\n\n<p>Kaminitz, Marian &#8211; vol. 10<br>Kaplan, Emily &#8211; vol. 3; vol. 6; vol. 8; vol. 10;\u00a0vol. 12<br>Kaplan, Lara &#8211; vol. 10; vol. 20<br>Karas, Basiliki Vicky &#8211; vol. 14<br>Kariya, Hiroko &#8211; vol. 13; vol. 21<br>Keochakian, Sylvia &#8211; vol. 12<br>Kerschner, Richard L. &#8211; vol. 23<br>Khanjian, Herant &#8211; vol. 21; vol. 23; vol. 26<br>Kielb, Blanka &#8211; vol. 21<br>Kile, Amelia &#8211; vol. 22<br>Kim, Seoyoung &#8211; vol. 22<br>Kipre, Ivo &#8211; vol. 27                                                                                                                         Kirby, Dan &#8211; vol. 25<br>Klingelhofer, Alexandra &#8211; vol. 8<br>Knauer, Karl &#8211;\u00a0vol. 24<br>Koob, Stephen P. &#8211; vol. 5; vol. 9; vol. 10; vol. 11; vol. 25<br>Krantz, Bradley &#8211; vol. 6<br>Kronthal, Lisa &#8211; vol. 3; vol. 5<br>Krueger, Robert &#8211; vol. 17<br>Krumrine, Christina &#8211; vol. 3<br>Kubick, Laura &#8211; vol. 19<br>Kunioka, Caroline &#8211; vol. 10<br>Kurtz, Daniel &#8211; vol. 7<br>Kurtz, Nancy &#8211; vol. 26<\/p>\n\n\n\n<h1 class=\"wp-block-heading\">L<\/h1>\n\n\n\n<p>La Duc, Elizabeth &#8211; vol. 23<br>Landgrebe, Bettina &#8211; vol. 18<br>Landry, James M. &#8211; vol. 1<br>Lauffenburger, Julie A. &#8211; vol. 3; vol. 14; vol. 22<br>Lawson, Julia &#8211; vol. 13<br>Learner, Tom &#8211; vol. 21<br>Leavengood, Patricia &#8211; vol. 5<br>L\u00e9culier, Anne\u00a0&#8211; vol. 10<br>Ledoux, Nicole &#8211; vol. 21<br>Lee, Russell &#8211; vol. 21<br>Lee, Sujeong &#8211; vol. 18<br>Lee, Yoonjo &#8211; vol. 17<br>Leveque, Mimi &#8211; vol. 8; vol. 23;\u00a0vol. 24<br>Levinson, Judith &#8211; vol. 2; vol. 6; vol. 12; vol. 19; vol. 28<br>Lewis, Timothy &#8211; vol. 28                                                                                                                 Lindow, David &#8211; vol. 23<br>Lipcsei, Laura &#8211; vol. 23<br>Little, Margaret A. &#8211; vol. 5; vol. 11<br>Londero, Pablo &#8211; vol. 26<br>Long, Deborah &#8211; vol. 6; vol. 8<br>Lowinger, Rosa &#8211; vol. 2<br>Lull, William P. &#8211; vol. 1<br>Ly, Tin &#8211; vol. 17<\/p>\n\n\n\n<h1 class=\"wp-block-heading\">M<\/h1>\n\n\n\n<p>Mack, Abigail &#8211; vol. 13; vol. 15; vol. 20<br>MacKay, Anne &#8211; vol. 23<br>Madden, Odile &#8211; vol. 21<br>Magee, Catherine E. &#8211; vol. 21<br>Mahony, Caitlin &#8211; vol. 23<br>Makos, Kathryn &#8211; vol. 11<br>Malenka, Sally &#8211; vol. 7<br>Mangum, Barbara &#8211; vol. 4<br>March, Tina &#8211; vol. 13<br>Mardikian, Paul &#8211; vol. 22<br>Marincola, Michele &#8211; vol. 2<br>Marti, Robert F. &#8211; vol. 3; vol. 20<br>Martin, James S. &#8211; vol. 4<br>Martin, Robert D. &#8211; vol. 21<br>Mass, Jennifer &#8211; vol. 20<br>Matsen, Catherine &#8211; vol. 20<br>Mayberger, Evelyn (Eve) &#8211; vol. 25; vol. 27<br>Mazurek, Joy &#8211; vol. 21<br>McClelland &#8211; vol. 25<br>McCormick, Kristen &#8211; vol. 21<br>McCoy, Richard &#8211; vol. 21<br>McElhinney, Peter &#8211; vol. 21<br>McHugh, Kelly &#8211; vol. 10; vol. 16; vol. 18; vol. 19; vol. 21; vol. 23<br>McGarity, LaStarsha &#8211; vol. 27; vol. 28                                                                                    McGraw, Kevin &#8211; vol. 21<br>McGrew, Angela Yvarra\u00a0&#8211; vol. 10<br>McGrew, Ashley\u00a0&#8211; vol. 10<br>McIntyre, Chuna &#8211; vol. 18<br>McMahon, Conor &#8211; vol. 17<br>McNamara, Christopher J. &#8211; vol. 11<br>McPeek, Melinda &#8211; vol. 8<br>Meleka, Neveen Atef Meshrieky &#8211; vol. 11<br>Mellor, Stephen &#8211; vol. 14<br>Merritt, Scott\u00a0&#8211; vol. 10<br>Midwinter, Donna &#8211; vol. 4<br>Minderop, Joanna &#8211; vol. 11<br>Mitchell, Ralph &#8211; vol. 11<br>Monk, Richard &#8211; vol. 15<br>Moreno, Susie &#8211; vol. 28                                                                                                       Moreno, Teresa &#8211; vol. 10<br>Moy, Sara A. &#8211; vol. 11<br>Mueller, David &#8211; vol. 3<br>Muir, Christina &#8211; vol. 17<br>Muros, Vanessa &#8211; vol. 11; vol. 22<br>Myers, Teresa &#8211;\u00a0vol. 10<\/p>\n\n\n\n<h1 class=\"wp-block-heading\">N &#8211; O<\/h1>\n\n\n\n<p>Nagy, Eleonora E. &#8211; vol. 6; vol. 8; vol. 18<br>Naranjo-Morse, Nora &#8211; vol. 19<br>Nau, Morgan &#8211;\u00a0vol. 24<br>Naude, Virginia &#8211; vol. 14<br>Neiman, Madeleine &#8211; vol. 21<br>Neiro, Michaela Z. &#8211; vol. 15<br>Neuman, Ingrid A. &#8211; vol. 4; vol. 5<br>Ng, Won &#8211; vol. 13<br>Nieuwenhuizen, Linda &#8211; vol. 2<br>Nolley, Scott W. &#8211; vol. 4<br>Norquest, Sharon &#8211; vol. 22<br>Norris, Chris &#8211; vol. 15<br>North, Alexis &#8211; vol. 26<br>Norton, Ruth &#8211; vol. 11<br>Nunan, Elizabeth &#8211; vol. 19<br>Oakley, James &#8211; vol. 11<br>O&#8217;Banion, Steven &#8211; vol. 22<br>O&#8217;Connor, Ariel &#8211; vol. 22; vol. 25<br>O&#8217;Connor, Talitha &#8211; vol. 12<br>Odegaard, Nancy &#8211; vol. 4; vol.10; vol. 21; vol. 23; vol. 28<br>O&#8217;Donnell, Alexandra Allardt &#8211; vol. 5<br>O&#8217;Hern, Robin &#8211; vol. 21<br>Ostrander, Tasha &#8211; vol. 22<br>Ozone, Judy L. &#8211; vol. 15; vol. 25<\/p>\n\n\n\n<h1 class=\"wp-block-heading\">P &#8211; Q<\/h1>\n\n\n\n<p>Pack, Crista &#8211; vol. 22<br>Paine, Shelley Reisman &#8211; vol. 1; vol. 12; vol. 14<br>Pandey, Satish C. &#8211; vol. 23<br>Paterakis, Alice Boccia &#8211; vol. 5; vol. 6; vol. 11; vol. 16<br>Patterson, Carl &#8211; vol. 16<br>Paulson, Michaela &#8211; vol. 26<br>Peachey, Claire\u00a0&#8211; vol. 10<br>Pearlstein, Ellen &#8211; vol. 2; vol. 6; vol. 13; vol. 21<br>Pedemonti, Nick &#8211; vol. 27                                                                                                      Penacho, Susan &#8211; vol. 23<br>Pesme, Christel &#8211; vol. 21<br>Peters, David &#8211; vol. 22<br>Peters, Renata &#8211; vol. 14<br>Piechota, Dennis &#8211; vol. 23<br>Pine, Steven &#8211; vol. 23<br>Podany, Jerry &#8211; vol. 2<br>Podsiki, Cheryl &#8211; vol. 10; vol. 11<br>Pohl, Christie &#8211; vol.15<br>Pollak, Becca &#8211; vol. 19<br>Pool, Marilen &#8211; vol. 21; vol. 23<br>Poole, Leah &#8211; vol. 24<br>Posner, Katrina &#8211; vol. 17<br>Pouliot, Bruno &#8211; vol. 13; vol. 20<br>Preusser, Frank &#8211; vol. 21<br>Privitello, Lucio Angelo &#8211; vol. 7<br>Promise, Ellen &#8211; vol. 21; vol. 22<br>Quigley, Sam &#8211; vol. 2<\/p>\n\n\n\n<h1 class=\"wp-block-heading\">R<\/h1>\n\n\n\n<p>Rahbar, Nima &#8211; vol. 15<br>Rajer, Anton &#8211; vol. 3; vol. 4<br>Randall, Megan &#8211; vol. 23<br>Raphael, Toby J. &#8211; vol. 1; vol. 7<br>Ratcliffe, Stephanie &#8211; vol. 12<br>Ravenel, Nancie\u00a0&#8211; vol. 2; vol. 10; vol. 23<br>Rayner, Georgina &#8211; vol. 25<br>Reedy, Chandra &#8211; vol. 6; vol. 7; vol. 10<br>Reiley, Matt &#8211;\u00a0vol. 24<br>Riccardelli, Carolyn &#8211; vol. 15; vol. 17;\u00a0vol. 24<br>Richwine, Beth &#8211; vol. 8<br>Riddle, Jacqueline &#8211; vol. 26<br>Riedler, Ren\u00e9e &#8211; vol. 21<br>Ritchie, Fran &#8211; vol. 21; vol. 23; vol. 25; vol. 28<br>Rofkar, Teri &#8211; vol. 23<br>Rogers, Joe &#8211; vol. 13; vol. 19<br>Rogge, Corina &#8211; vol. 19; vol. 23<br>Rossi Wilcox, Susan &#8211; vol. 13<br>Roth-Wells, Nina &#8211; vol. 15<br>Rouhani, Bijan &#8211; vol. 23<br>Roundhill, Linda S. &#8211; vol. 11<br>Roy, Joyoti &#8211; vol. 23<br>Ruiz, Mariana &#8211; vol. 21<br>Russell, Maureen &#8211; vol. 10; vol. 12<br>Russell-Marti, Marianne &#8211; vol. 3; vol. 20<br>Ryan, Gwynne &#8211; vol. 18; vol. 22<\/p>\n\n\n\n<h1 class=\"wp-block-heading\">S<\/h1>\n\n\n\n<p>Sabino, Rachel C. &#8211; vol. 24<br>Sadongei, Alyce &#8211; vol. 10<br>Saff, Donald &#8211; vol. 13<br>Salas, Megan &#8211; vol. 28                                                                                                                   Salmon, Amanda &#8211; vol. 19<br>Salmon, Holly &#8211; vol. 22<br>Santarelli, Brunella &#8211; vol. 21<br>S\u00e0rries-Zgonc,\u00a0Llu\u00efsa &#8211; vol. 24<br>Scherer, George &#8211; vol. 17<br>Schilling, Michael R. &#8211; vol. 1; vol. 21; vol. 23<br>Schweri-Dorsch, Sylvia &#8211; vol. 21<br>Scott, Cindy Lee &#8211; vol. 19<br>Sease, Catherine &#8211; vol. 14<br>Senge, Dana K. &#8211; vol. 17; vol. 21<br>Serotta, Anna &#8211; vol. 21<br>Shaheen, Islam &#8211; vol. 23<br>Shedlosky, Tara J. &#8211; vol. 9<br>Shockey Jr., L. H. (Hugh) &#8211; vol. 15; vol. 16; vol. 19;\u00a0vol. 24<br>Sigel, Anthony &#8211; vol. 5; vol. 10; vol. 21; vol. 23;\u00a0\u00a0vol. 24; vol. 25<br>Silver, Constance S. &#8211; vol. 23<br>Singer, Martha &#8211; vol. 24<br>Singley, Katherine &#8211; vol. 8<br>Skinner, Lucy &#8211; vol. 23<br>Smirniou, Melina &#8211; vol.15<br>Smith, David &#8211; vol. 10<br>Smith, Landis &#8211; vol. 2; vol. 16; vol. 18<br>Smith, Shelley M. &#8211; vol. 18; vol. 20<br>Smyth, Andrew &#8211; vol. 21<br>Snow, Carol &#8211; vol. 20; vol. 22; vol. 26<br>Sobhani, Victor &#8211; vol. 18<br>Soboye, Winston O. &#8211; vol. 15<br>Sonntag, Mariam &#8211; vol. 26; vol. 27<br>Speranza, Laura &#8211; vol. 24<br>Spohn, Ralph &#8211; vol. 25<br>Springer, Samantha &#8211; vol. 15<br>Stamm, Karen &#8211; vol. 26<br>Stanek, Kimberly M. &#8211; vol. 9<br>Steele, John &#8211; vol. 5; vol. 20<br>Stein, Ren\u00e9e &#8211; vol. 8; vol. 27<br>Strahan, Donna &#8211; vol. 1; vol. 18<br>Striegel, Mary F. &#8211; vol. 1; vol. 24<br>Stockman, Helen &#8211; vol. 13<br>Stodulski, Leon &#8211; vol. 5<br>Stone, Tom &#8211; vol. 5<br>Storch, Paul S. &#8211; vol. 9<br>Strickler, Gerri Ann &#8211; vol. 13<br>Stromberg, Constance &#8211; vol. 6<br>Stulik, Dusan C. &#8211; vol. 1<br>Sturman, Shelley G. &#8211; vol. 13; vol. 25<br>Swan, Chris &#8211; vol. 7<br>Swierenga, Heidi &#8211; vol. 18<br>Sybalsky, Julia &#8211; vol. 19; vol. 23; vol. 25; vol. 28<\/p>\n\n\n\n<h1 class=\"wp-block-heading\">T<\/h1>\n\n\n\n<p>Talland, Valentine &#8211; vol. 4<br>Tarnowski, Amber L. &#8211; vol. 11<br>Tatnall, Robert &#8211; vol. 6<br>Tello, Helene &#8211; vol. 16<br>Thompson, Mina &#8211; vol. 12; vol. 17; vol. 19; vol. 22<br>Thornton, Jonathan &#8211; vol. 4<br>Tieu, Gabrielle &#8211; vol. 28                                                                                                                      Tjiong, Amy &#8211; vol. 28                                                                                                                                          Toomey, Erin &#8211;\u00a0vol. 24<br>Toutloff, Mauray &#8211; vol. 18<br>Townes, Jack &#8211; vol. 28                                                                                                               Trentelman, Karen &#8211; vol. 5<br>Trusheim, Lori &#8211; vol. 8; vol. 18<br>Tsang, Jia-Sun &#8211; vol. 17<br>Twilley, John &#8211; vol. 5; vol. 17; vol. 19<br>Tyler, Kate Wight &#8211; vol. 26<\/p>\n\n\n\n<h1 class=\"wp-block-heading\">U &#8211; V<\/h1>\n\n\n\n<p>Uesato, Lianne &#8211; vol. 25<br>Unruh, Julie &#8211; vol. 12<br>Uricheck, Sari &#8211; vol. 12<br>van Giffin, N. Astrid R. &#8211; vol. 24; vol. 25<br>Van Halm, Thomas &#8211; vol. 5<br>Veloz, Nicolas F. &#8211; vol. 4<br>Vocaturo, Joe &#8211; vol. 17<br>Vreeland, Sonj\u00e9l &#8211; vol. 18<\/p>\n\n\n\n<h1 class=\"wp-block-heading\">W &#8211; X &#8211; Y &#8211; Z<\/h1>\n\n\n\n<p>Walker, Wendy &#8211;\u00a0vol. 24<br>Walton, Marc &#8211; vol. 10<br>Watkinson, Gina &#8211; vol. 21; v. 28<br>Watson, John R. &#8211; vol. 12<br>Watt, Andrew &#8211; vol. 25<br>Webster, Brittany &#8211; vol. 23<br>Weintraub, Steven &#8211; vol. 1; vol. 9<br>Weiss, Anna &#8211; vol. 21<br>Wellman, Howard &#8211; vol. 13; vol. 15; vol. 26<br>Wertz, Julie &#8211; vol. 28                                                                                                           Wharton, Glenn &#8211; vol. 22<br>Wheeler, George &#8211; vol. 15; vol. 17<br>White, Heather &#8211; vol. 22<br>Whyte, Alison &#8211; vol. 11<br>Willey, Jo &#8211; vol. 3<br>Williams, Catherine &#8211; vol. 20<br>Williams, Donna &#8211; vol. 2; vol. 22<br>Williams, Emily &#8211; vol. 10; vol. 18<br>Williams, Jane &#8211; vol. 3<br>Williamson, Leslie\u00a0&#8211; vol. 6; vol. 8; vol. 10<br>Wolbers, Richard &#8211; vol. 11; vol. 13; vol. 14<br>Wolfe, Julie &#8211; vol. 8; vol. 12; vol. 26<br>Wolin, Eric &#8211; vol. 23<br>Young, Lisa &#8211; vol. 26<br>Zettler, Richard L. &#8211; vol. 25<br>Zimmerman, Mary &#8211; vol. 14<br>Zimmt, Werner &#8211; vol. 10; vol. 21<br>Zycherman, Lynda &#8211; vol. 23;\u00a0vol. 24<\/p>\n","protected":false},"excerpt":{"rendered":"<p>*Please note that only individuals with published Postprints articles are listed below. All abstracted authors and presenters, published and unpublished, are searchable using the Search bar. A Abel, Jessica &#8211; vol. 27 Ackerman, Lisa &#8211; vol. 27 Addington, Luke &#8211; vol. 28 Afra, Shirin &#8211; vol. 24Albertson, Cynthia &#8211; vol. 17Alden, Dr. Harry &#8211; vol. [&hellip;]<\/p>\n","protected":false},"author":16,"featured_media":0,"parent":0,"menu_order":0,"comment_status":"closed","ping_status":"closed","template":"","meta":{"footnotes":""},"class_list":["post-385","page","type-page","status-publish","hentry"],"_links":{"self":[{"href":"https:\/\/resources.culturalheritage.org\/osg-postprints\/wp-json\/wp\/v2\/pages\/385","targetHints":{"allow":["GET"]}}],"collection":[{"href":"https:\/\/resources.culturalheritage.org\/osg-postprints\/wp-json\/wp\/v2\/pages"}],"about":[{"href":"https:\/\/resources.culturalheritage.org\/osg-postprints\/wp-json\/wp\/v2\/types\/page"}],"author":[{"embeddable":true,"href":"https:\/\/resources.culturalheritage.org\/osg-postprints\/wp-json\/wp\/v2\/users\/16"}],"replies":[{"embeddable":true,"href":"https:\/\/resources.culturalheritage.org\/osg-postprints\/wp-json\/wp\/v2\/comments?post=385"}],"version-history":[{"count":0,"href":"https:\/\/resources.culturalheritage.org\/osg-postprints\/wp-json\/wp\/v2\/pages\/385\/revisions"}],"wp:attachment":[{"href":"https:\/\/resources.culturalheritage.org\/osg-postprints\/wp-json\/wp\/v2\/media?parent=385"}],"curies":[{"name":"wp","href":"https:\/\/api.w.org\/{rel}","templated":true}]}}